s 771 prime?
False
Is 4513 a prime number?
True
Is 23969 prime?
False
Is 2809 prime?
False
Is 1814141 a composite number?
True
Is 2377939 prime?
True
Is 24611 a prime number?
True
Is 1997981 prime?
False
Is 1087 a composite number?
False
Is 24791 a composite number?
True
Is 2333 composite?
False
Is 5305 a composite number?
True
Is 377459 a composite number?
False
Is 235043 a composite number?
False
Is 3883 a prime number?
False
Is 10559 prime?
True
Is 17291 composite?
False
Is 958 prime?
False
Is 12097 prime?
True
Is 35761 prime?
False
Is 241589 a composite number?
False
Is 82583 prime?
False
Is 2767 prime?
True
Is 232061 a prime number?
False
Is 36103 composite?
True
Is 28451 a composite number?
True
Is 704679 prime?
False
Is 239671 a prime number?
True
Is 41347 prime?
False
Is 4595 a composite number?
True
Is 483817 prime?
False
Is 61319 prime?
False
Is 507379 a composite number?
True
Is 78791 a prime number?
True
Is 30949 prime?
True
Is 3877 prime?
True
Is 420973 a prime number?
False
Is 907493 composite?
False
Is 894917 a composite number?
False
Is 249181 a prime number?
True
Is 2349569 a prime number?
True
Is 369407 a composite number?
False
Is 311867 a composite number?
False
Is 124213 a composite number?
False
Is 41189 composite?
False
Is 62957 composite?
True
Is 82787 a prime number?
True
Is 31237 a composite number?
False
Is 931774 composite?
True
Is 31121 composite?
False
Is 404927 a prime number?
False
Is 567043 prime?
False
Is 4417 composite?
True
Is 20623 a prime number?
False
Is 26309 a prime number?
True
Is 6164583 a prime number?
False
Is 2749 a prime number?
True
Is 825329 prime?
True
Is 5603 composite?
True
Is 5077 prime?
True
Is 266261 a composite number?
False
Is 124897 a composite number?
False
Is 34 prime?
False
Is 252691 composite?
False
Is 15689 prime?
False
Is 1709 composite?
False
Is 421481 a prime number?
False
Is 342059 prime?
True
Is 117527 a prime number?
False
Is 168851 prime?
True
Is 12799 composite?
False
Is 12745 a prime number?
False
Is 3251 composite?
False
Is 21055 a composite number?
True
Is 937 composite?
False
Is 380663 composite?
True
Is 91303 composite?
False
Is 31546 composite?
True
Is 537793 prime?
True
Is 6101 prime?
True
Is 30341 a composite number?
False
Is 95377 composite?
True
Is 8459 composite?
True
Is 46537 prime?
False
Is 257437 a composite number?
False
Is 1019 a composite number?
False
Is 17621 composite?
True
Is 35729 composite?
False
Is 1191473 a composite number?
True
Is 101627 a prime number?
True
Is 691787 a prime number?
True
Is 71866 a composite number?
True
Is 330461 composite?
True
Is 851351 composite?
False
Is 101737 composite?
False
Is 62821 a composite number?
True
Is 4271 prime?
True
Is 38747 prime?
True
Is 1011539 a prime number?
True
Is 161 a prime number?
False
Is 4201 a composite number?
False
Is 29521 composite?
True
Is 170057 prime?
True
Is 368689 composite?
False
Is 137321 a composite number?
False
Is 101999 a prime number?
True
Is 945169 a prime number?
False
Is 520177 composite?
True
Is 41333 composite?
False
Is 175103 prime?
True
Is 351409 composite?
True
Is 560531 a composite number?
False
Is 958 a composite number?
True
Is 1439 prime?
True
Is 1966123 prime?
True
Is 1213451 a prime number?
True
Is 6757 composite?
True
Is 310169 composite?
False
Is 8191 a prime number?
True
Is 1069 a prime number?
True
Is 51167 a composite number?
True
Is 1040743 prime?
False
Is 3433 a composite number?
False
Is 148991 composite?
False
Is 24133 prime?
True
Is 48845 a prime number?
False
Is 19535 composite?
True
Is 191441 prime?
True
Is 115487 composite?
True
Is 47983 a composite number?
True
Is 3359 a prime number?
True
Is 349697 a prime number?
True
Is 263723 a composite number?
False
Is 573 a composite number?
True
Is 770813 a prime number?
True
Is 3643 a composite number?
False
Is 2749 prime?
True
Is 163 a composite number?
False
Is 175907 composite?
True
Is 20411 a composite number?
False
Is 67615 a prime number?
False
Is 8461 a composite number?
False
Is 96827 a composite number?
False
Is 25057 prime?
True
Is 2495 a composite number?
True
Is 31307 prime?
True
Is 275447 a prime number?
True
Is 1134863 a prime number?
True
Is 77845 prime?
False
Is 52489 composite?
False
Is 205237 a prime number?
True
Is 4767853 a composite number?
False
Is 587 composite?
False
Is 2655313 prime?
True
Is 74289 a prime number?
False
Is 2411 a composite number?
False
Is 35491 a composite number?
False
Is 13553 a composite number?
False
Is 537 a prime number?
False
Is 253373 a prime number?
False
Is 2579 a prime number?
True
Is 920891 a composite number?
False
Is 82877 a prime number?
False
Is 26903 a prime number?
True
Is 252941 prime?
False
Is 149603 a prime number?
True
Is 27941 prime?
True
Is 4955 a composite number?
True
Is 2198443 prime?
False
Is 445897 prime?
False
Is 14983 a prime number?
True
Is 2391 prime?
False
Is 146513 composite?
False
Is 13253 a composite number?
True
Is 60317 a composite number?
False
Is 60719 a prime number?
True
Is 264211 a composite number?
False
Is 238633 composite?
True
Is 133259 composite?
True
Is 17033 a composite number?
False
Is 29917 composite?
False
Is 79517 prime?
False
Is 1009 a prime number?
True
Is 2600957 a prime number?
True
Is 18481 a composite number?
False
Is 204883 prime?
False
Is 5165421 a prime number?
False
Is 9569 a composite number?
True
Is 2705 composite?
True
Is 700221 a composite number?
True
Is 45449 composite?
True
Is 131023 prime?
True
Is 802121 composite?
False
Is 1793479 a prime number?
True
Is 671287 composite?
False
Is 2262541 a composite number?
False
Is 117851 a composite number?
False
Is 662999 composite?
False
Is 4391 a composite number?
False
Is 194309 prime?
True
Is 57881 a composite number?
False
Is 3537407 composite?
False
Is 44769 composite?
True
Is 35341 a prime number?
False
Is 373683 composite?
True
Is 27581 a composite number?
False
Is 11657 prime?
True
Is 1867 composite?
False
Is 7817 a composite number?
False
Is 94391 a prime number?
False
Is 3239 a composite number?
True
Is 28486 composite?
True
Is 642683 a prime number?
True
Is 934 a composite number?
True
Is 15859 prime?
True
Is 46177 a prime number?
False
Is 9809 a prime number?
False
Is 7031 a prime number?
False
Is 49363 prime?
True
Is 31701 a composite number?
True
Is 11017 a composite number?
True
Is 74597 composite?
False
Is 688633 a composite number?
True
Is 15551 a prime number?
True
Is 233639 a composite number?
True
Is 47857 a prime number?
True
Is 326307 composite?
True
Is 139858 a prime number?
False
Is 2302 prime?
False
Is 23437 composite?
True
Is 32831 a prime number?
True
Is 46439 prime?
True
Is 1567 a prime number?
True
Is 7963 prime?
True
Is 31769 prime?
True
Is 179591 composite?
False
Is 28901 a prime number?
True
Is 20409 prime?
False
Is 45665 prime?
False
Is 307 composite?
False
Is 1361 a prime number?
True
Is 8539 a composite number?
False
Is 13469 a prime number?
True
Is 191 prime?
True
Is 96257 composite?
True
Is 4213 a composite number?
True
Is 92431 prime?
True
Is 9743 a composite number?
False
Is 130757 prime?
False
Is 47441 a prime number?
True
Is 1151807 prime?
True
Is 9427 composite?
True
Is 23719 prime?
True
Is 4271 composite?
False
Is 7941 a prime number?
False
Is 4721 prime?
True
Is 6613 a prime number?
False
Is 82666 composite?
True
Is 22241 a prime number?
False
Is 7051 composite?
True
Is 751 a composite number?
False
Is 1657 a composite number?
False
Is 108577 a composite number?
True
Is 109469 a composite number?
False
Is 229727 a composite number?
False
Is 22585 a composite number?
True
Is 18539 a prime number?
True
Is 1219999 a prime number?
False
Is 112901 a composite number?
False
Is 191743 prime?
False
Is 239489 composite?
False
Is 977 a prime number?
True
Is 284777 a composite number?
False
Is 1287898 a composite number?
True
Is 39019 prime?
True
Is 47599 prime?
True
Is 55229 prime?
True
Is 67819 composite?
False
Is 9778069 prime?
False
Is 99211 a prime number?
False
Is 21817 a prime number?
True
Is 3991 composite?
True
Is 6863 a composite number?
False
Is 12787 composite?
True
Is 2474 composite?
True
Is 5903 composite?
False
Is 19561 a composite number?
True
Is 1843 a composite number?
True
Is 176261 a composite number?
F